3, 11, 641
List the prime factors of 2199.
3, 733
List the prime factors of 12922.
2, 7, 13, 71
What are the prime factors of 12057?
3, 4019
What are the prime factors of 6414?
2, 3, 1069
List the prime factors of 3837.
3, 1279
List the prime factors of 54748.
2, 13687
List the prime factors of 561.
3, 11, 17
What are the prime factors of 34967?
73, 479
List the prime factors of 3808.
2, 7, 17
List the prime factors of 3446.
2, 1723
List the prime factors of 13554.
2, 3, 251
What are the prime factors of 444?
2, 3, 37
List the prime factors of 574.
2, 7, 41
List the prime factors of 325.
5, 13
List the prime factors of 7718.
2, 17, 227
List the prime factors of 163.
163
List the prime factors of 1931.
1931
What are the prime factors of 981?
3, 109
What are the prime factors of 2119?
13, 163
What are the prime factors of 85288?
2, 7, 1523
What are the prime factors of 1530?
2, 3, 5, 17
What are the prime factors of 3729?
3, 11, 113
List the prime factors of 1010.
2, 5, 101
What are the prime factors of 22009?
13, 1693
List the prime factors of 1574.
2, 787
List the prime factors of 7419.
3, 2473
List the prime factors of 424.
2, 53
What are the prime factors of 3653?
13, 281
What are the prime factors of 1480?
2, 5, 37
What are the prime factors of 4600?
2, 5, 23
List the prime factors of 4162.
2, 2081
List the prime factors of 2446.
2, 1223
List the prime factors of 114.
2, 3, 19
What are the prime factors of 55043?
19, 2897
What are the prime factors of 1499?
1499
List the prime factors of 596.
2, 149
List the prime factors of 2939.
2939
List the prime factors of 38390.
2, 5, 11, 349
What are the prime factors of 13081?
103, 127
List the prime factors of 17075.
5, 683
What are the prime factors of 235?
5, 47
List the prime factors of 1026.
2, 3, 19
What are the prime factors of 17449?
17449
List the prime factors of 2676.
2, 3, 223
What are the prime factors of 19925?
5, 797
List the prime factors of 3752.
2, 7, 67
List the prime factors of 30214.
2, 15107
List the prime factors of 2562.
2, 3, 7, 61
List the prime factors of 35857.
23, 1559
List the prime factors of 790.
2, 5, 79
What are the prime factors of 562?
2, 281
List the prime factors of 3851.
3851
List the prime factors of 6954.
2, 3, 19, 61
List the prime factors of 6020.
2, 5, 7, 43
List the prime factors of 7202.
2, 13, 277
List the prime factors of 3158.
2, 1579
What are the prime factors of 2758?
2, 7, 197
List the prime factors of 1639.
11, 149
What are the prime factors of 739?
739
List the prime factors of 733.
733
List the prime factors of 2530.
2, 5, 11, 23
What are the prime factors of 19718?
2, 9859
List the prime factors of 2321.
11, 211
What are the prime factors of 27559?
7, 31, 127
List the prime factors of 5782.
2, 7, 59
List the prime factors of 13254.
2, 3, 47
List the prime factors of 33496.
2, 53, 79
What are the prime factors of 4839?
3, 1613
List the prime factors of 182.
2, 7, 13
What are the prime factors of 7882?
2, 7, 563
What are the prime factors of 26812?
2, 6703
What are the prime factors of 7490?
2, 5, 7, 107
List the prime factors of 19497.
3, 67, 97
List the prime factors of 593.
593
What are the prime factors of 22973?
22973
What are the prime factors of 95265?
3, 5, 29, 73
What are the prime factors of 7130?
2, 5, 23, 31
List the prime factors of 184473.
3, 103, 199
What are the prime factors of 2499?
3, 7, 17
What are the prime factors of 196?
2, 7
List the prime factors of 4839.
3, 1613
List the prime factors of 25814.
2, 12907
List the prime factors of 15183.
3, 7, 241
List the prime factors of 5103.
3, 7
List the prime factors of 44162.
2, 71, 311
List the prime factors of 12818.
2, 13, 17, 29
What are the prime factors of 50306?
2, 25153
What are the prime factors of 2612?
2, 653
What are the prime factors of 3603?
3, 1201
What are the prime factors of 7419?
3, 2473
List the prime factors of 9262.
2, 11, 421
What are the prime factors of 9901?
9901
List the prime factors of 34688.
2, 271
List the prime factors of 46017.
3, 5113
List the prime factors of 1283.
1283
What are the prime factors of 23954?
2, 7, 29, 59
What are the prime factors of 1147?
31, 37
What are the prime factors of 43257?
3, 14419
What are the prime factors of 4523?
4523
List the prime factors of 68256.
2, 3, 79
What are the prime factors of 40327?
7, 823
What are the prime factors of 1718?
2, 859
What are the prime factors of 8792?
2, 7, 157
What are the prime factors of 2438?
2, 23, 53
List the prime factors of 3737.
37, 101
What are the prime factors of 6561?
3
What are the prime factors of 764?
2, 191
What are the prime factors of 20010?
2, 3, 5, 23, 29
What are the prime factors of 9725?
5, 389
List the prime factors of 283.
283
What are the prime factors of 2113?
2113
What are the prime factors of 531?
3, 59
List the prime factors of 228.
2, 3, 19
List the prime factors of 1169.
7, 167
List the prime factors of 48334.
2, 11, 13
List the prime factors of 1643.
31, 53
What are the prime factors of 8280?
2, 3, 5, 23
What are the prime factors of 918?
2, 3, 17
What are the prime factors of 536?
2, 67
List the prime factors of 7904.
2, 13, 19
What are the prime factors of 9475?
5, 379
List the prime factors of 8218.
2, 7, 587
What are the prime factors of 133?
7, 19
What are the prime factors of 446?
2, 223
List the prime factors of 59015.
5, 11, 29, 37
List the prime factors of 9139.
13, 19, 37
What are the prime factors of 779?
19, 41
What are the prime factors of 1026?
2, 3, 19
List the prime factors of 4107.
3, 37
List the prime factors of 1174.
2, 587
List the prime factors of 546.
2, 3, 7, 13
What are the prime factors of 155?
5, 31
List the prime factors of 1074.
2, 3, 179
What are the prime factors of 1247?
29, 43
What are the prime factors of 8650?
2, 5, 173
List the prime factors of 17607.
3, 5869
What are the prime factors of 901?
17, 53
List the prime factors of 6629.
7, 947
List the prime factors of 15655.
5, 31, 101
List the prime factors of 290.
2, 5, 29
List the prime factors of 3570.
2, 3, 5, 7, 17
List the prime factors of 243.
3
What are the prime factors of 87588?
2, 3, 811
What are the prime factors of 81?
3
What are the prime factors of 1308?
2, 3, 109
List the prime factors of 1112.
2, 139
List the prime factors of 95240.
2, 5, 2381
What are the prime factors of 1265?
5, 11, 23
List the prime factors of 28189.
7, 4027
List the prime factors of 2353.
13, 181
What are the prime factors of 8149?
29, 281
What are the prime factors of 55085?
5, 23, 479
List the prime factors of 371.
7, 53
What are the prime factors of 2207?
2207
What are the prime factors of 993?
3, 331
List the prime factors of 648.
2, 3
List the prime factors of 2978.
2, 1489
List the prime factors of 19375.
5, 31
List the prime factors of 11547.
3, 1283
What are the prime factors of 57299?
11, 5209
What are the prime factors of 9879?
3, 37, 89
What are the prime factors of 81164?
2, 103, 197
What are the prime factors of 1971?
3, 73
What are the prime factors of 184?
2, 23
What are the prime factors of 3144?
2, 3, 131
What are the prime factors of 1543?
1543
What are the prime factors of 1087?
1087
List the prime factors of 11141.
13, 857
What are the prime factors of 3067?
3067
List the prime factors of 1728.
2, 3
What are the prime factors of 371?
7, 53
What are the prime factors of 1732?
2, 433
List the prime factors of 3615.
3, 5, 241
List the prime factors of 8426.
2, 11, 383
List the prime factors of 5369.
7, 13, 59
What are the prime factors of 2204?
2, 19, 29
What are the prime factors of 3920?
2, 5, 7
What are the prime factors of 5512?
2, 13, 53
List the prime factors of 809.
809
List the prime factors of 852.
2, 3, 71
List the prime factors of 53266.
2, 26633
List the prime factors of 60774.
2, 3, 7, 1447
List the prime factors of 6632.
2, 829
List the prime factors of 19920.
2, 3, 5, 83
What are the prime factors of 4082?
2, 13, 157
List the prime factors of 100021.
29, 3449
What are the prime factors of 823?
823
List the prime factors of 1469.
13, 113
What are the prime factors of 1759?
1759
List the prime factors of 1102.
2, 19, 29
What are the prime factors of 45710?
2, 5, 7, 653
What are the prime factors of 62807?
181, 347
What are the prime factors of 2441?
2441